r when 1754555 is divided by 1980?
275
What is the remainder when 7082979 is divided by 116?
19
What is the remainder when 1123367 is divided by 280819?
91
Calculate the remainder when 13093511 is divided by 301.
11
What is the remainder when 66902443 is divided by 45?
43
What is the remainder when 329369 is divided by 9403?
264
Calculate the remainder when 9336302 is divided by 2134.
52
What is the remainder when 264823 is divided by 437?
1
Calculate the remainder when 2567826 is divided by 85575.
576
What is the remainder when 5919446 is divided by 10?
6
Calculate the remainder when 3162712 is divided by 94.
82
Calculate the remainder when 312781 is divided by 312485.
296
What is the remainder when 22767043 is divided by 436?
431
What is the remainder when 2183301 is divided by 1237?
1233
What is the remainder when 20253150 is divided by 32509?
43
Calculate the remainder when 3909920 is divided by 237.
131
What is the remainder when 173325 is divided by 100?
25
What is the remainder when 992166 is divided by 301?
70
Calculate the remainder when 4866777 is divided by 3148.
3117
Calculate the remainder when 632346 is divided by 35127.
60
Calculate the remainder when 10927599 is divided by 1365940.
79
Calculate the remainder when 11667159 is divided by 4078.
1
Calculate the remainder when 5545848 is divided by 79.
48
Calculate the remainder when 147878 is divided by 18456.
230
Calculate the remainder when 118028 is divided by 874.
38
What is the remainder when 2291989 is divided by 201?
187
Calculate the remainder when 660216 is divided by 50770.
206
What is the remainder when 18960965 is divided by 229?
223
Calculate the remainder when 1313890 is divided by 145987.
7
Calculate the remainder when 5204769 is divided by 1979.
1978
What is the remainder when 113336 is divided by 111436?
1900
Calculate the remainder when 785615 is divided by 47.
10
What is the remainder when 1410332 is divided by 4041?
23
What is the remainder when 49815186 is divided by 76?
74
Calculate the remainder when 75138 is divided by 5350.
238
Calculate the remainder when 357338 is divided by 953.
916
What is the remainder when 11902800 is divided by 5829?
5811
Calculate the remainder when 274139636 is divided by 131.
128
What is the remainder when 2282354 is divided by 456469?
9
Calculate the remainder when 152120 is divided by 25352.
8
Calculate the remainder when 115816689 is divided by 4115.
14
What is the remainder when 751232 is divided by 250400?
32
Calculate the remainder when 122546640 is divided by 60.
0
Calculate the remainder when 137941 is divided by 870.
481
What is the remainder when 461842 is divided by 115455?
22
Calculate the remainder when 2597015 is divided by 147.
113
What is the remainder when 559134 is divided by 404?
402
What is the remainder when 7892908 is divided by 310?
308
What is the remainder when 1556599 is divided by 200?
199
Calculate the remainder when 951108 is divided by 905.
858
What is the remainder when 107780 is divided by 4417?
1772
What is the remainder when 237439 is divided by 742?
741
What is the remainder when 4271 is divided by 320?
111
Calculate the remainder when 31702 is divided by 15025.
1652
Calculate the remainder when 57464320 is divided by 12577.
7
What is the remainder when 20403 is divided by 3698?
1913
What is the remainder when 586369 is divided by 891?
91
What is the remainder when 408368 is divided by 25?
18
What is the remainder when 6045156 is divided by 79541?
40
Calculate the remainder when 30413559 is divided by 55.
44
Calculate the remainder when 526965 is divided by 6426.
33
What is the remainder when 141220 is divided by 338?
274
Calculate the remainder when 28434 is divided by 13454.
1526
Calculate the remainder when 10326 is divided by 545.
516
What is the remainder when 222754 is divided by 74173?
235
What is the remainder when 11865689 is divided by 1710?
1709
What is the remainder when 6144997 is divided by 1024166?
1
What is the remainder when 5742767 is divided by 67?
63
What is the remainder when 27183800 is divided by 893?
880
Calculate the remainder when 2628306 is divided by 20368.
834
What is the remainder when 7020278 is divided by 951?
947
Calculate the remainder when 471214 is divided by 775.
14
What is the remainder when 53754401 is divided by 22?
19
What is the remainder when 1511717 is divided by 65?
12
Calculate the remainder when 775933 is divided by 261.
241
Calculate the remainder when 593881 is divided by 197944.
49
Calculate the remainder when 6890370 is divided by 3445160.
50
What is the remainder when 81232210 is divided by 2195465?
5
Calculate the remainder when 17946 is divided by 980.
306
Calculate the remainder when 123921 is divided by 6050.
2921
Calculate the remainder when 84152505 is divided by 14730.
15
What is the remainder when 100433 is divided by 3585?
53
Calculate the remainder when 4356263 is divided by 229.
225
What is the remainder when 15795 is divided by 7474?
847
Calculate the remainder when 2467473 is divided by 31.
28
Calculate the remainder when 1897847 is divided by 61219.
58
Calculate the remainder when 251567 is divided by 2074.
613
What is the remainder when 92568 is divided by 5249?
3335
What is the remainder when 222352 is divided by 74105?
37
What is the remainder when 2149316 is divided by 16804?
15208
What is the remainder when 27651 is divided by 6683?
919
Calculate the remainder when 32470 is divided by 796.
630
What is the remainder when 3762780 is divided by 472?
468
Calculate the remainder when 469174 is divided by 52112.
166
Calculate the remainder when 5909218 is divided by 14998.
6
Calculate the remainder when 277056336 is divided by 92352111.
3
Calculate the remainder when 52271158 is divided by 3484742.
28
Calculate the remainder when 29512339 is divided by 748.
747
Calculate the remainder when 217428859 is divided by 20.
19
Calculate the remainder when 242967 is divided by 263.
218
What is the remainder when 325780 is divided by 108566?
82
Calculate the remainder when 1706678258 is divided by 10.
8
Calculate the remainder when 46466516 is divided by 72.
20
What is the remainder when 158345997 is divided by 32?
13
Calculate the remainder when 226268 is divided by 586.
72
What is the remainder when 11169 is divided by 246?
99
Calculate the remainder when 3228944 is divided by 119589.
41
Calculate the remainder when 1428314 is divided by 119026.
2
Calculate the remainder when 2455876 is divided by 491172.
16
What is the remainder when 819028 is divided by 818983?
45
What is the remainder when 8848 is divided by 5115?
3733
Calculate the remainder when 220069948 is divided by 50.
48
What is the remainder when 146382 is divided by 36591?
18
Calculate the remainder when 133377 is divided by 596.
469
Calculate the remainder when 21211198 is divided by 73.
26
What is the remainder when 133944 is divided by 3626?
3408
Calculate the remainder when 12309936 is divided by 756.
744
Calculate the remainder when 50269469 is divided by 176.
173
Calculate the remainder when 152909 is divided by 386.
53
Calculate the remainder when 12215 is divided by 5618.
979
Calculate the remainder when 26050 is divided by 1930.
960
What is the remainder when 22336315 is divided by 80?
75
Calculate the remainder when 1303968 is divided by 568.
408
Calculate the remainder when 37870093 is divided by 88.
85
Calculate the remainder when 28266090 is divided by 12.
6
What is the remainder when 1012548 is divided by 5009?
730
What is the remainder when 980164 is divided by 20003?
17
What is the remainder when 544199 is divided by 301?
292
Calculate the remainder when 2794355 is divided by 1726.
1687
Calculate the remainder when 22029 is divided by 46.
41
What is the remainder when 516825 is divided by 258360?
105
What is the remainder when 18203809 is divided by 212?
5
Calculate the remainder when 64577 is divided by 1753.
1469
Calculate the remainder when 26112770 is divided by 26112759.
11
Calculate the remainder when 43466 is divided by 43177.
289
Calculate the remainder when 1420044 is divided by 4624.
476
What is the remainder when 58990569 is divided by 103?
100
What is the remainder when 105051 is divided by 835?
676
What is the remainder when 1181881 is divided 